27. Let v = -133 + i. What is the tens digit of v?
4
Let a be 1*(8/4 + -25). Let l = a + 73. What is the units digit of l?
0
Let p(t) = -t**3 + 33*t**2 - 11. What is the thousands digit of p(32)?
1
Let y(j) = -204*j**3 - 4*j**2 - 7*j - 1. What is the hundreds digit of y(-2)?
6
Let o(w) = 6*w**3 + w**2 + 5 - 5*w**3 + 5*w**2. Let l be (-377)/78 - 1/6. What is the units digit of o(l)?
0
What is the hundreds digit of 21/7 + -6 + 972?
9
Suppose 0 = 5*v - 15, -4*v - 9 = -3*r - 3*v. Suppose f = -f + r. Suppose -f*z = -5*z + 63. What is the tens digit of z?
2
Suppose 5*z - 35 = -5*p, 15 = 5*z - 2*p + 3*p. Let i be 0/(5/((-5)/z)). Suppose -2*b + 7*b + 20 = i, w - 5*b = 24. What is the units digit of w?
4
Suppose -3*k - 1 = -4. Let g be ((-27)/18)/(3/(-4)). What is the units digit of 38 + g + (1 - k)?
0
Let l(w) = -2*w**3 + 35*w**2 - 17*w + 7. Let v be l(17). Suppose 55 - 167 = -v*s. What is the tens digit of s?
1
Suppose 136 = 5*t - t. Suppose -18*q + 19*q = t. What is the units digit of (q/(-6))/((-7)/63)?
1
Let f = -298 - -844. What is the tens digit of f?
4
Suppose 3*f - 4407 = -n, 7*n = f + 6*n - 1465. What is the hundreds digit of f?
4
What is the tens digit of -2 + (-4 - 1 - -10) + 417?
2
Let h = 12 - 8. Suppose 7*o - 156 = h*o. Suppose -2*k - 3*k = 3*i - o, 0 = 4*i - 5*k - 11. What is the units digit of i?
9
Let j = -59 + 59. What is the units digit of (1 + j)/((-8)/(-432))?
4
Let x be 10/(-8)*52/(-13). Suppose 0 = -x*f + 39 + 66. What is the units digit of f?
1
Let n be -1*8/20*-915. Suppose 5*t - n = -l, 7*l = 4*t + 2*l - 316. What is the tens digit of (t/(-4))/((-5)/10)?
3
What is the tens digit of 1/(-3)*1/(10/(-990))?
3
Let u(i) = -i**2 + 12*i - 20. Let a be u(8). Let w be ((-2 + -1)*-1)/1. Suppose -4*c = -a, -c - 5 = -w*t + t. What is the units digit of t?
4
Let b(i) be the third derivative of -2*i**6/5 + i**5/30 + i**4/24 - 15*i**2. What is the units digit of b(-1)?
9
Let b(p) = -p**2 - p + 134. Let r(x) = -x + 5. Let c be r(5). Let a be b(c). Suppose -a = -5*s + 3*n, -3*s = -0*s + n - 72. What is the units digit of s?
5
Let b(d) = d**3 + 6*d**2 - 8*d - 6. Let z be b(-7). Let o be ((-4)/(-10))/(z/5). Suppose 0 = -3*q + 9, t = 3*q + 10 + o. What is the tens digit of t?
2
Let u(k) be the second derivative of 0 + 2/3*k**4 + 6*k + 1/2*k**2 + 1/6*k**3. What is the units digit of u(-1)?
8
Let s = 6714 - 4576. What is the hundreds digit of s?
1
Let u = -201 + 340. What is the hundreds digit of u?
1
Suppose j - 3*h = -4, 3*j = -0*h - 3*h - 36. Let k = -9 - j. What is the units digit of 3 - (-7 + (k - 0))?
9
Let t(q) = -q**2 - 13*q - 12. Let k(h) = -h**2 - 13*h - 12. Let o(g) = -3*k(g) + 4*t(g). Suppose 0*j + 2*j + 18 = 0. What is the units digit of o(j)?
4
Let d(y) = -2*y**2 - 3*y - 3. Let b be d(-3). Suppose 4*s + 0*s = 5*q - 7464, 2*s = -4*q - 3732. What is the tens digit of (-2)/b - s/36?
5
Suppose 0 = -4*i + 2*i + 4, 5*a = 3*i + 10324. What is the tens digit of a?
6
Let g be (-3)/9 - (-4)/(-18)*57. What is the tens digit of (-1350)/(-7) + g/(-91)?
9
Suppose 0 = 2*r - 8*j + 11*j - 5846, 0 = r - 13*j - 2981. What is the hundreds digit of r?
9
Let s = 867 + -588. What is the units digit of s?
9
Suppose -3*m - i = -322, 0*i + 104 = m - 3*i. Let j = m - -11. What is the units digit of j?
8
Suppose -h + 18 = -5*h - v, -10 = 5*v. Let w be (-6)/(-8) - 69/h. Let u = w - -3. What is the units digit of u?
1
Let o(n) = -n**3 - 2*n**2 - n + 4. Let x be o(-5). Suppose -3*b = -x - 36. Suppose 35 = 4*d - 3*f, -5*d = -9*f + 4*f - b. What is the tens digit of d?
1
Suppose -3*d = -p - 42, 5*d - 8 = d. Let w = -34 - p. Let c(h) = 3*h**2 + h - 3. What is the tens digit of c(w)?
1
Suppose -3*s = -z - 0*z - 2456, -3*s = -2*z - 2461. What is the units digit of s?
7
Suppose -16*c - 96 = -12*c. Let n = 16 + c. Let t(h) = h**3 + 7*h**2 - 12*h - 9. What is the units digit of t(n)?
3
Suppose 0 = -2*b - o + 8, -9 = -2*b + o - 1. Suppose -4*i = -b*t + 308, 4*i + 174 = 2*t - 140. What is the units digit of (-24)/(-10)*i/(-6)?
2
Suppose v = 56 - 53. Suppose b - 2*b = 3. What is the units digit of v*(-1 - b) - 2?
4
Let b(x) be the first derivative of x**4/4 + 7*x**3/3 + x**2 + 2. Suppose 0 = 5*t + 11 + 19. What is the units digit of b(t)?
4
Let y = 64 + 76. What is the hundreds digit of y?
1
Let v be 3/(-3) + (-1)/1. What is the tens digit of (v/1)/((-14)/280)?
4
What is the tens digit of 95062/87 - ((-8)/6 + 2)?
9
Suppose 2*u = 7*u - 525. What is the units digit of u?
5
Let w = -66 - -131. What is the tens digit of w?
6
Suppose 3*m + 0*m - 12 = -3*r, -4 = 2*r - 4*m. Suppose 628 = 4*b - 4*n, 0*b - r*b = -4*n - 320. What is the hundreds digit of b?
1
Let u = -942 + 1901. What is the units digit of u?
9
Let k(m) = 2*m + 3. Let j(v) = -3*v - 2. Let g(z) = -5*j(z) - 6*k(z). Suppose -2*t + f = -14, 5*f - f = 3*t - 21. What is the tens digit of g(t)?
1
Suppose 2*w + 3*b + 414 = -0, 3*b + 1017 = -5*w. What is the tens digit of (-6)/9*w/2?
6
Let b = -60 - -101. Let x = b + -19. Let m = x + 4. What is the units digit of m?
6
Let x = 767 + -251. What is the units digit of x?
6
Let q(g) = -4*g**3 - 10*g**2 - 16*g - 9. What is the hundreds digit of q(-6)?
5
Suppose 21 = -5*h - 159. Let u be h*((-4)/16 - -1). What is the tens digit of u*(8/2)/(-4)?
2
What is the units digit of 590 + (0/2)/5?
0
Let g(m) = 33*m - 18. Let h be g(7). Suppose -h = 8*k - 829. What is the tens digit of k?
7
Let l be 12/(-15)*10/(-4). Suppose -f = l - 3. What is the units digit of (-2)/(f - 0 - 3)?
1
Let w be (-45)/(-18) - (-2)/4. Suppose -1 - w = -2*p. Suppose 3*x = o - 5*o + 71, -p*o = 4*x - 38. What is the tens digit of o?
1
Suppose s - 4*s - 240 = 0. Let l be ((-9)/(-18))/((-2)/(-24)). What is the tens digit of s/(-25)*(l - 1)?
1
Let u be (130/(-35) + 4)/((-1)/(-7)). Suppose 3*c + 15 - 150 = -k, -5*k + 727 = u*c. What is the tens digit of k?
4
Suppose -299 = -2*b - 6*z + 9*z, -4*z - 744 = -5*b. Let f(t) = 13*t - 7. Let v be f(-6). Let u = b + v. What is the units digit of u?
3
Suppose 660 = 11*o - 1793. What is the tens digit of o?
2
Let f(j) = 36*j**2 + 21*j - 59. What is the thousands digit of f(-8)?
2
Suppose -12*o + 23*o = 1276. What is the tens digit of o?
1
Let s be 1/(-2)*(-12 - -2). Suppose -5*m = -f + 261, 3*m - 101 = s*m + 3*f. What is the units digit of (m/6)/((-2)/3)?
3
Let u = -20 + 2. Let y be (12 + u)*74/(-6). Suppose 3*w + 20 = y. What is the units digit of w?
8
Suppose -206 = 5*l + 3*j - 2219, -3*l = 2*j - 1207. What is the hundreds digit of l?
4
What is the hundreds digit of 301/1*3 + (0 - -1)?
9
Suppose 124*m + 62010 = 139*m. What is the tens digit of m?
3
Let c(d) = -94*d**2 + 1. Let w be c(-1). What is the tens digit of (-3 + w/(-12))/(1/4)?
1
Suppose -x - 3*x = h - 173, -5*x + 230 = 4*h. Let j = x + -25. What is the units digit of j?
7
Let f be 1/(-3*5/(-1515)). Suppose 0 = 3*j - f - 175. What is the units digit of j?
2
Let q = -2 - -63. Suppose 6*m = 817 - q. What is the tens digit of m?
2
Let p be (7/(-3) - -3)*3. What is the tens digit of (-29 + 24)/(p/(-36))?
9
Let v(m) = 2*m - 2*m - m - 7. Let z(r) = r + 3. Let l(p) = -2*v(p) - 5*z(p). What is the units digit of l(-4)?
1
Let f = -13 - 0. Let b(w) = -8*w. Let v be b(f). Suppose -v + 264 = 5*g. What is the tens digit of g?
3
Let j(a) = a**3 + 8*a**2 - 2*a - 14. Suppose -5*b = -b + 28. Let r be j(b). Let g = -29 + r. What is the tens digit of g?
2
Let q = 1629 + 88. What is the thousands digit of q?
1
Suppose -88 = 3*n + 221. Let o = 33 - n. Suppose 37 = -3*p + o. What is the units digit of p?
3
Let b = -1 + -5. Let a be b/(-3) - 2/2. Let r = 23 - a. What is the units digit of r?
2
Let i = 20 + -2. Let g = i - -59. What is the tens digit of g?
7
Let a(o) = -o**3 - o**2 - 3*o. Let b be a(-5). Let s = b - 50. What is the units digit of s?
5
Suppose -3 = g, 5*f - 5*g + 7*g - 14364 = 0. What is the tens digit of f?
7
Suppose 4*i + 2769 = 2*j + 9*i, -5*j + 6912 = 2*i. What is the tens digit of j?
8
Let i(w) = w**3 + 29*w**2 + 33*w + 144. What is the thousands digit of i(-22)?
2
Suppose 3*t - 27 = -3*p - 0*p, p = 5*t + 9. Suppose 5*w + 204 = p*w. What is the tens digit of w?
5
Suppose 0 = o + o - 4. Let n(u) = 2*u**2 + 3*u + 4*u**2 - 3 - 5*u**o. What is the units digit of n(-7)?
5
Let a = -133 + 142. Let p(n) be the third derivative of 